 - 69 = 0. Calculate the highest common divisor of m and s.
7
Let c be (0/2)/4 + 4. Suppose -2*v = -3*v + c, -4*m + 5*v = 4. Suppose -7 - 1 = -m*j. Calculate the highest common divisor of j and 3.
1
Suppose 4*j - l = 1160, 0 = 2*j - 5*l - 130 - 450. Let n = 46 + -17. What is the highest common divisor of n and j?
29
Let p(r) = -5 + 4 + 2 - r. Let u be p(-1). Suppose o - 3*q + 2 = 0, 36 = u*o + 4*q - 0*q. What is the highest common factor of 10 and o?
10
Let i = -67 + 90. Suppose -48 = -4*f + 4*u, -5*f + 2*u - i = -89. Calculate the greatest common factor of 7 and f.
7
Let n be (2/(-4))/((-1)/(-6)). Let c be (140/n)/((-2)/9). Let q = 500 + -470. Calculate the highest common divisor of q and c.
30
Suppose 0 = 2*g + 10, s + 3*g = -2*g + 7. Let p = 0 + s. Suppose -72 = -4*f + p. What is the greatest common factor of 234 and f?
26
Suppose -58 = -6*m + 4*m + 2*b, 0 = 5*m + 2*b - 173. Calculate the greatest common factor of 88 and m.
11
Let u be (-4194)/117 - 4/26. Let b = -28 - u. Let o be (-39)/(-4) + (-6)/b. What is the highest common factor of o and 99?
9
Let h(a) = -4*a**3 + 1. Let i be h(1). Let s be -3 + 39/(-9)*i. Suppose -20*g = -14*g - 420. What is the highest common divisor of g and s?
10
Let j = 0 - 0. Suppose w + 0 - 121 = j. Let h(u) = u - 3. Let q be h(14). Calculate the greatest common divisor of w and q.
11
Let c(t) = t**3 - 3*t**2 - 8*t - 6. Let r be c(5). Suppose -4*b = -b + r*i - 15, -b = 2*i - 7. Calculate the greatest common factor of 11 and b.
1
Let a(v) = -5*v - 44. Let t be a(-12). What is the highest common factor of t and 152?
8
Let b = -146 + 157. What is the highest common divisor of b and 1?
1
Suppose -8*x = -3*x - 25. Suppose x*v - 2*v - 6 = 0. Let g be -3*((-10)/6 - v). What is the highest common factor of 33 and g?
11
Suppose 0*t + 3*t - 228 = 0. Suppose t = -0*m + 4*m. Let q be (-38)/(-3)*858/52. What is the highest common divisor of q and m?
19
Suppose 477 = 3*q - z, 4*q - 806 = -q - 2*z. Let d = q + 56. What is the greatest common divisor of 27 and d?
27
Let d = -1218 - -1490. Calculate the greatest common factor of d and 476.
68
Let f(x) = -x**2 - 13*x - 29. Let s be f(-4). Calculate the greatest common divisor of 49 and s.
7
Let z be (-1)/(6 + 84/(-12)). What is the highest common divisor of 131 and z?
1
Let b(r) = -2*r - 10. Suppose -76 + 20 = -4*k + 2*q, -q + 47 = 3*k. Let v be 1/(20/(-12))*k. Let c be b(v). Calculate the highest common divisor of c and 8.
8
Let z(n) = n**3 - 11*n**2 + 7*n. Let p be z(11). Let s = p + -35. What is the highest common divisor of s and 6?
6
Suppose 720 - 3156 = -2*i - 4*y, 0 = -i + 2*y + 1230. What is the greatest common divisor of 72 and i?
72
Let y = -351 - -365. Calculate the greatest common divisor of 182 and y.
14
Let i be (-3)/(-1 + 4) + -4. Let u be i/(20/(-32)) + 0. Calculate the highest common divisor of u and 24.
8
Suppose 8*i + 250 - 802 = 0. What is the greatest common divisor of i and 23?
23
Let z = -564 - -600. Let g(m) = -8*m**3 + m**2 - m - 1. Let u be g(-1). Calculate the highest common divisor of u and z.
9
Let b be 16/40*(-710)/2. Let s = b + 244. What is the greatest common divisor of s and 68?
34
Let d be 0*((-6)/4 + 1). Let n = d + 4. Suppose -n - 2 = -2*r. Calculate the highest common divisor of r and 27.
3
Let g = -248 + 269. What is the highest common divisor of 77 and g?
7
Suppose -12*d + 5 = -3*m - 7*d, 3 = 3*m - 3*d. Calculate the greatest common factor of m and 375.
5
Suppose 0 = -5*s + 352 - 37. Let k be (-4)/(-18) + 238/s. What is the highest common divisor of k and 12?
4
Let x be ((-16)/14)/((-8)/140). Calculate the greatest common factor of 170 and x.
10
Let t = 29 + 0. What is the highest common divisor of t and 145?
29
Let m be -5 - -1 - (-59 - 10). Suppose 5*t - 116 - 14 = 0. Calculate the highest common factor of t and m.
13
Let b(q) = -8*q**3 - q**2 + 2*q + 2. Let y be b(-1). Let d(m) = -m**2 + m + 35. Let s be d(0). What is the highest common factor of s and y?
7
Let h be ((-176)/(-6))/4 + (-4)/(-6). Suppose 60 = -5*o + h*o. Calculate the greatest common factor of o and 8.
4
Let z = 1336 + -1323. What is the greatest common factor of z and 143?
13
Suppose -6*a + 14*a = 1936. Let w = -18 - -40. What is the greatest common divisor of a and w?
22
Suppose 0 = b - 3*b + 260. Suppose 0*a + 2*a + b = 3*m, a = -5. Let y = m + -29. What is the greatest common divisor of y and 11?
11
Suppose 5*q + 32 = -r + 3, -2*q - 15 = -3*r. Suppose -10*u + 657 = 97. Let x be q/14 + 1368/u. What is the greatest common factor of x and 24?
24
Let a be (1 + 271)/1 + -15 + 16. Suppose -2*o + 137 = p, 2*p = -4*o + p + a. Calculate the greatest common factor of 17 and o.
17
Let g(i) be the second derivative of i**4/3 - i**3/6 - 7*i**2/2 - i. Let s be g(3). Calculate the highest common factor of 104 and s.
26
Suppose 11 = 2*y + 3. Suppose y*g + 81 = 5*p, 3*g + 5 = -7. Calculate the greatest common factor of 91 and p.
13
Let h be (858/(-78))/((-1)/31). What is the greatest common divisor of 31 and h?
31
Suppose 0 = -4*f + 26*f - 1650. Calculate the highest common divisor of 825 and f.
75
Let x be ((-2)/(-10) - (-12)/(-10)) + 5. Calculate the highest common factor of 35 and x.
1
Let w be ((-10)/2)/((-85)/68). What is the highest common factor of w and 808?
4
Let z be 12/10*(-120)/(-18). Let y = z + -3. Suppose 2*u - 6*u - 484 = -4*q, -q = -y*u - 101. What is the highest common factor of 14 and q?
14
Let s = -111 + 279. Let d be (4/(-6))/((-7)/s). Suppose 16*n - 15*n - 40 = 0. Calculate the highest common factor of d and n.
8
Let p(u) = 3*u + 19. Let o be p(-5). Calculate the highest common divisor of o and 404.
4
Let g = 655 + -643. What is the greatest common divisor of g and 36?
12
Let b = 30 + -35. Let g be (1*10)/(-3 - b). Suppose g*s - 300 = -30. What is the greatest common factor of s and 6?
6
Let v = -16 + 4. Let l = v - -16. Suppose -4*m + 276 = l*y, 0*m + 4*m - 281 = y. What is the highest common divisor of m and 28?
14
Let t be -2 + 7*(-40)/(-56). Suppose 2*q + 2*q - 20 = 0. What is the highest common factor of t and q?
1
Suppose -t = 3*t - 420. Suppose 4*k = 5*j - 132, -5 - 83 = -3*j - 2*k. Let z be (j/10)/((-70)/75 - -1). Calculate the greatest common factor of z and t.
21
Suppose -42*k = -38*k - 1600. What is the highest common factor of 16 and k?
16
Suppose 0 = g - 3*v - 34, 0*g - 3*g = -4*v - 82. Let q be (-8)/(-44) - (-2350)/g - 3. Calculate the greatest common factor of q and 13.
13
Suppose 0 = -7*d + 364 + 810 + 149. Let h = 48 - 27. Calculate the greatest common divisor of h and d.
21
Let w(m) be the second derivative of -m**5/20 + 5*m**4/12 + 5*m**3/6 - 2*m**2 + 55*m. Let x be w(-4). Calculate the greatest common divisor of 6 and x.
6
Let x = -28 + 17. Let n = 46 + x. What is the greatest common divisor of 140 and n?
35
Let u(q) = q**2 - 6. Let r be u(-6). Let c = r - 30. Suppose 2*x - 10 = c, -3*w + x - 5*x + 56 = 0. Calculate the highest common divisor of w and 6.
6
Suppose 24*y = 44319 + 897. Calculate the highest common factor of 12 and y.
12
Let x(m) = -m**3 - 10*m**2 - 2*m + 4. Let q be x(-10). Calculate the greatest common factor of q and 200.
8
Suppose -26*t + 21*t = -450. Calculate the highest common divisor of t and 20.
10
Let n(c) = 24*c + 20. Let s be n(6). Suppose -5*d + s = -161. Suppose 5*r - d = i - 6*i, 2*r = -5*i + 77. What is the highest common factor of i and 17?
17
Suppose 2*h = 14*h - 12. Let f be h*2 - (16 + -24). Suppose 3*y - 309 = -39. What is the greatest common factor of y and f?
10
Suppose 35 - 5 = 6*z. Suppose -2*i - 2*o + z*o + 26 = 0, 0 = -2*i + 5*o + 30. Calculate the greatest common factor of i and 70.
10
Suppose -4*y + 128 = 4*l, 2*y - 11 - 143 = -5*l. Let z be (9/(-12))/((-1)/(-20)). Let r be (-5 + 0)*(z + 0). What is the greatest common divisor of l and r?
15
Let d be 9284/88 - (-1)/4*-6. What is the highest common divisor of 91 and d?
13
Let v(a) = -a**2 - 26*a + 159. Let f be v(-31). Calculate the highest common divisor of 188 and f.
4
Let x(q) = -2*q**3 + 2*q**2 - 3*q + 275. Let d be x(0). What is the highest common divisor of d and 385?
55
Let h be 354/18 - (-25)/(-15). Calculate the greatest common divisor of 18 and h.
18
Suppose h + 10 = 6*h. Suppose 0 = 4*w + h*q - 8, 2*w + 4*q - 17 = -1. Let z be -1 + w + 